ate the highest common factor of z and 56.
8
Suppose 2 = f + 3. Let b be (f*(40 - 2))/(-2). Let a = b - 1. What is the greatest common divisor of 12 and a?
6
Let d(z) = -z**3 - 135*z**2 + 133*z**2 + 0*z**3 - 5 + 4*z. Let j be d(-4). Calculate the highest common factor of j and 1.
1
Let z = 290 + -205. Let c(r) = 14*r + 1. Let y be c(5). Let k = y - 37. Calculate the highest common factor of z and k.
17
Suppose 3*f = 4 + 2. Suppose -41 = -3*y + 4*a, 4*y + 7*a = f*a + 3. What is the highest common divisor of y and 63?
7
Suppose 444 - 124 = 4*g. What is the greatest common factor of g and 10?
10
Suppose 8*d - 127 = 65. What is the greatest common factor of d and 24?
24
Let l be 44/(-66) - 44/(-3). Calculate the highest common divisor of 4 and l.
2
Suppose 0 = -0*o + 2*o - 12. Suppose -4*w + 0*w = 3*l - 166, 0 = w - 1. Calculate the greatest common divisor of l and o.
6
Let y be (-44)/(-33)*39/2. What is the highest common factor of 130 and y?
26
Let s(v) = v**3 + 6*v**2 - 7*v. Let x be s(-7). Suppose -5*p + 62 + 13 = x. Calculate the greatest common divisor of 60 and p.
15
Let t(a) be the second derivative of -a**5/20 - a**4/2 + 7*a**3/6 + 4*a**2 + 2*a. Let z be t(-8). Calculate the highest common divisor of 8 and z.
8
Suppose 0 = 3*b + 2*b - 3*d - 50, b - 10 = -d. What is the highest common divisor of 90 and b?
10
Suppose 0 = 3*q - 4*p - 35, 4*q - 55 = -2*p - 1. Calculate the greatest common factor of 78 and q.
13
Let b(n) = 3*n - 18. Let s be b(7). Calculate the greatest common factor of 24 and s.
3
Let d be 5*1*312/60. Calculate the greatest common factor of 78 and d.
26
Let d = 21 - 9. Let g be d + 0*1/(-2). Let j(z) = 5*z. Let w be j(6). Calculate the greatest common factor of w and g.
6
Let j(r) = r**3 - 7*r**2 + 11*r - 3. Let s be j(6). Let o(x) = -x**3 - 5*x**2 - 2*x - 1. Let h be o(-5). Calculate the greatest common divisor of s and h.
9
Let l be (1 - 9 - -1) + 1. Let t(f) = -f**2 - 7*f + 1. Let o be t(l). Let u be 14/1*(-7)/(-2). What is the highest common factor of o and u?
7
Suppose 5*h = -3*z + 29 + 10, 3 = h + 3*z. Let s(x) = 2*x**2 + 7*x + 5. Let m be s(-4). Calculate the greatest common factor of m and h.
9
Let w = -104 + 223. What is the highest common factor of w and 17?
17
Let y(t) = 9*t**2 - 1. Let u be y(1). Suppose -2 + 0 = 2*j. Let l be j/((-1)/23) + 1. Calculate the highest common factor of l and u.
8
Let q = 4 - 1. Suppose 0 = -o - 0*o + q*a - 2, o = 2*a + 1. Let y = -2 + o. Calculate the greatest common divisor of 5 and y.
5
Let k = 33 - 7. Calculate the greatest common divisor of 65 and k.
13
Let n(y) be the second derivative of -y**5/20 + 26*y**2 - 3*y. Let d be n(0). What is the greatest common factor of 13 and d?
13
Let u = 10 + -6. Suppose -i + 5*j - 2*j - 11 = 0, u*j - 20 = 0. Suppose -n - i = -24. What is the greatest common factor of 50 and n?
10
Suppose 0 = 4*m + 3*i - 77, -m + 6*m + 5*i - 100 = 0. Calculate the greatest common divisor of 85 and m.
17
Suppose -4*b = -h + 4, -4*b + 0*b + 5*h + 12 = 0. Let g be (b - 3)/(1 + -2). Calculate the highest common divisor of g and 5.
5
Let t be -1 - (1 - (-1 - -2)). Let f = t - 0. Let m(s) = -3*s**3 + 2*s + 1. Let u be m(f). What is the greatest common factor of u and 3?
1
Suppose -4*s - 4*v + 424 = 0, 3*s - 103 = 2*s + 2*v. Calculate the highest common divisor of 15 and s.
15
Suppose o + 99 = -60. Let d = -109 - o. What is the greatest common divisor of 20 and d?
10
Suppose -3*b + 30 + 183 = 2*j, 5*j + 5*b - 530 = 0. Calculate the greatest common divisor of 21 and j.
21
Suppose 446 = 5*t + 4*o, -4*t + 10 = -2*o - 326. Calculate the highest common divisor of 2 and t.
2
Suppose -2*b = 2*b + w - 20, 4 = -2*b + 3*w. Calculate the highest common factor of b and 36.
4
Let f(r) = -5*r - 3. Let m be -2 + 2 + (-6)/2. Let u be f(m). Calculate the greatest common factor of 3 and u.
3
Let z = -7 + 32. Let n(i) = i + 2. Let y be n(8). Calculate the highest common divisor of z and y.
5
Suppose 4*m - 16 = 3*o - 5*o, 0 = -4*m - o + 12. Suppose -m*t + 3*t = 2. Let g = -1 + t. What is the highest common factor of 9 and g?
1
Suppose b + 150 = 2*b + 4*k, 0 = -3*k - 9. What is the greatest common factor of 18 and b?
18
Let m(y) = 2*y**2 + 3*y + 2. Let k be m(-2). What is the highest common divisor of 6 and k?
2
Suppose 15*w = -8*w + 1656. Let t be (-176)/(-10) - (-2)/5. What is the greatest common divisor of w and t?
18
Let l = -6 + 3. Let r be (8/6)/(l/(-18)). Suppose u - 16 = -3*u. Calculate the greatest common factor of r and u.
4
Let k = -15 - -28. What is the greatest common divisor of 65 and k?
13
Suppose 0*k - 4*k - 164 = -5*v, 5*v + 4*k - 196 = 0. Suppose -l = -2*w + 7, 5*w - 5*l + 10*l = 25. Calculate the highest common divisor of v and w.
4
Suppose 0*w = -w + 30. What is the highest common factor of w and 60?
30
Suppose -3*l + 0 = 5*p - 14, -3*p = 4*l - 26. What is the highest common factor of l and 24?
8
Let c(n) be the first derivative of -n**4/4 - 7*n**3/3 + 6*n**2 - 5*n - 2. Let x be c(-9). Calculate the highest common divisor of x and 7.
7
Let y be (-2 - -8) + (0 - (4 + -4)). What is the highest common divisor of y and 6?
6
Let b be 42 + 0/((-4)/(-2)). Let s be ((-84)/(-35))/(2/5). Calculate the greatest common factor of b and s.
6
Let w be 1/3 - 293/(-3). Suppose -d - c + 17 = 0, -4*c + 14 = 2. What is the greatest common divisor of d and w?
14
Let o = 18 + -16. Suppose o*h = -2*h + 96. What is the greatest common factor of h and 24?
24
Let j = 16 + -13. Let h be 28 - 4/4*j. Let a be (0/2 + -1)*-10. What is the highest common divisor of h and a?
5
Suppose 0 = 5*r + n - 106, -5*r + 4*n - 7*n = -98. Calculate the highest common factor of 154 and r.
22
Let a(w) = 40*w. Let q be a(3). Calculate the greatest common divisor of q and 30.
30
Let y(x) = -x**3 - 2. Let w be y(-2). Let k(n) = -n**2 - 4*n + 4. Let o be k(-5). Let h be (3 + o)/1 - -1. What is the greatest common factor of h and w?
3
Let h(f) = -f**2 - 9*f + 1. Let d be h(-9). Let u be d*-4*(-4 + 0). Calculate the highest common factor of u and 80.
16
Suppose 5*y - 185 = -0*y - 5*l, -4*l + 188 = 5*y. Suppose -q - 16 = -5*q. What is the greatest common factor of y and q?
4
Suppose -6 = 2*h - 5*h. Let p be -2 + (30/h)/3. Let b(t) = -3*t - 9. Let q be b(-8). Calculate the greatest common divisor of q and p.
3
Let z be (9 + -2 + 2)*-3. Suppose 281 + 51 = -4*x. Let s = z - x. What is the greatest common divisor of s and 14?
14
Let c(j) = 19*j**2 - 2*j. Let h be c(-2). Let u be 2/8 + 195/20. What is the greatest common divisor of h and u?
10
Suppose 0 = 2*q - 10 + 4, -3*q = 2*k + 9. Let a be (-60)/((-4)/((-24)/k)). Calculate the highest common factor of a and 8.
8
Let l be (1*-8)/((-3)/18). Suppose l = h + 3*f - 5*f, 3*h + f = 116. Let g = 204 - 104. Calculate the greatest common divisor of g and h.
20
Let y = 14 - 1. Suppose l + 4*a - 15 = 10, 22 = l + 3*a. What is the greatest common factor of l and y?
13
Suppose c - 9 = 2*t, -t - 4*t + 4*c = 30. Let a be 1/1 - 54/t. Calculate the highest common divisor of a and 14.
14
Suppose 2*f - 3*p = 2*p + 9, 4*p = -2*f. What is the highest common divisor of f and 10?
2
Suppose 5*l = l - 2*t + 656, 4*t = -8. Suppose 5*y + l = 3*p, p - 5*y = -10*y + 75. Suppose 5*g - p = g. Calculate the greatest common factor of 5 and g.
5
Suppose -525 = -5*i - 0*i. Let o = 44 - 23. What is the highest common factor of o and i?
21
Let u(t) = t**2 - 7. Let w be u(-5). Suppose 10*l + 9*l = 3762. Calculate the greatest common divisor of l and w.
18
Let t = 2 - 8. Let y be (2/t)/(2/(-90)). What is the greatest common factor of y and 105?
15
Suppose 0*j + 168 = 3*j. Suppose 4*u - 36 = -4*g, -9 = 4*g + u - 6*u. Suppose -2*t + g*t = 14. What is the highest common divisor of t and j?
7
Let y = 4 + 0. Let m = y - -28. Let l be ((-2)/(-4))/(1/m). What is the highest common factor of 16 and l?
16
Let w = 52 + 76. Let u(k) = 5*k**2 - 3*k + 2. Let s be u(2). What is the highest common divisor of w and s?
16
Let t be 2*1/2*16. Suppose -5*p = -2*d + t + 10, 3*d + 2*p = 1. Calculate the highest common factor of 2 and d.
1
Let w(l) = -36*l**3 - 2*l**2 - l. Suppose -4*z = z + 5. Let t be w(z). Calculate the highest common factor of 5 and t.
5
Let i be 2 + 2/3*-3. Suppose 2*r + 0*r - 125 = -n, -238 = -4*r + 2*n. Suppo